(t) = -4*t - 14. Calculate l(3).
-26
Let u(a) = -a**3 - 3*a**2 + 4*a - 7. What is u(-5)?
23
Let n(j) = -27*j**3 + 2*j**2 + 2*j + 1. What is n(-1)?
28
Let q(i) = 6*i - 25. Calculate q(8).
23
Let y(p) = p**2 - 21*p - 11. Determine y(12).
-119
Let n(f) = 3*f - 26. Determine n(9).
1
Let y(z) = 8*z - 42. Give y(-14).
-154
Let n(w) = -w**2 - 5*w - 6. Calculate n(0).
-6
Let z(i) = -i**2 - 3*i + 7. Determine z(2).
-3
Let o(t) = 3*t + 10. What is o(-6)?
-8
Let g(s) = s + 114. What is g(-22)?
92
Let k(c) = c**3 - 3*c**2 - 3*c + 1. Determine k(5).
36
Let d(g) = g**2 + 12*g + 15. Give d(-11).
4
Let k(l) = 13*l - 395. Calculate k(30).
-5
Let s(f) = -39*f**3 + 3*f**2 + 4*f + 2. Determine s(-1).
40
Let n(x) = -9*x**2 - 95*x - 42. What is n(-10)?
8
Let u(j) = j**2 - 7*j + 2. Give u(1).
-4
Let y(c) = -2*c**2 - 10*c - 11. Calculate y(-5).
-11
Let i(u) = u**3 + 15*u**2 - 17*u - 6. Determine i(-16).
10
Let r(v) = -v**2 - 11*v + 2. Calculate r(-12).
-10
Let x(l) = 37*l + 5. Give x(4).
153
Let t(d) = d**3 - 5*d**2 + 4*d + 7. What is t(4)?
7
Let v(h) = -7*h - 58. What is v(-7)?
-9
Let d(x) = -x**2 - 16*x - 10. Determine d(-15).
5
Let c(m) = -3*m - 7. What is c(-16)?
41
Let h(w) = w**3 + 10*w**2 + 5*w - 47. What is h(-9)?
-11
Let t(d) = -d**3 + 5*d**2 - 4*d. Give t(4).
0
Let w(m) = 3*m**2 - 2*m + 2. What is w(1)?
3
Let w(m) = -m**3 - 7*m**2 + 7*m - 7. Calculate w(-8).
1
Let k(y) = 2*y + 14. Determine k(-3).
8
Let r(u) = -u**3 + 6*u**2 - 4*u + 17. Determine r(7).
-60
Let a(i) = -i**3 + i**2 + i - 7. Calculate a(3).
-22
Let g(r) = 5*r - 13. What is g(3)?
2
Let w(q) = -q**2 + 2*q + 9. Determine w(4).
1
Let n(w) = 55*w - 6. Determine n(2).
104
Let l(h) = -h - 3. What is l(-2)?
-1
Let a(b) = 9*b - 1. Give a(3).
26
Let b(h) = -7*h - 634. Calculate b(-90).
-4
Let i(y) = 11*y - 154. Give i(17).
33
Let g(h) = h**3 - h**2 - 2*h - 52. Give g(0).
-52
Let m(f) = -68*f + 880. Determine m(13).
-4
Let g(z) = 3*z**2 + 3*z - 3. Give g(-3).
15
Let v(m) = -4*m**2 - 5*m. Calculate v(-4).
-44
Let m(l) = 12*l**3 + 2*l**2 + 4*l + 5. What is m(-2)?
-91
Let d(i) = -2*i**2 + i. Determine d(-3).
-21
Let z(w) = w**2 + 2*w + 5. Calculate z(-8).
53
Let t(q) = q + 49. Give t(8).
57
Let t(q) = q**3 - 7*q**2 + 3*q + 29. Give t(5).
-6
Let p(i) = 11*i + 154. Give p(-13).
11
Let v(q) = -q**2 + q - 1. What is v(-1)?
-3
Let n(t) = 10*t + 8. What is n(-3)?
-22
Let h(r) = -77*r**2 + r + 1. Give h(-1).
-77
Let k(b) = -4*b - 21. Determine k(-6).
3
Let c(z) = 5*z + 8. Give c(2).
18
Let f(l) = l**2 + 11*l + 21. Calculate f(-10).
11
Let r(h) = h - 11. What is r(-9)?
-20
Let c(j) = -j**2 + 6*j - 7. Give c(6).
-7
Let s(a) = -7*a - 1. Give s(-1).
6
Let d(g) = g**3 + 16*g**2 - g - 35. Give d(-16).
-19
Let w(k) = k**2 + 9*k - 74. Determine w(-17).
62
Let s(r) = r**2 + 18*r + 15. Determine s(-17).
-2
Let a(b) = 5*b**2 + 3*b + 3. What is a(0)?
3
Let p(m) = -39*m**2 - 4*m + 2. Calculate p(1).
-41
Let o(b) = -b + 1. What is o(-15)?
16
Let a(b) = 6*b + 58. Determine a(-12).
-14
Let f(z) = z**2 - 3*z - 14. What is f(6)?
4
Let h(p) = 2*p**2 - 3*p + 5. Determine h(2).
7
Let b(y) = -y**2 + 6*y + 16. Give b(7).
9
Let u(p) = -p**2 + 18*p - 2. What is u(17)?
15
Let k(o) = o**3 + o**2 - 6*o - 5. Give k(-3).
-5
Let j(g) = -2*g**2 + 22*g + 7. Determine j(15).
-113
Let h(t) = -t**2 - 28*t + 44. Give h(-29).
15
Let v(z) = 8*z + 17. Give v(-3).
-7
Let p(t) = -42*t - 107. Calculate p(-3).
19
Let h(w) = 3*w**2 + 2*w - 1. Calculate h(1).
4
Let h(c) = -7*c**3 - 2*c**2 - 3*c - 2. What is h(-1)?
6
Let p(y) = 32*y + 81. What is p(-3)?
-15
Let k(n) = -6*n**2 - 2*n + 1. Calculate k(1).
-7
Let y(n) = n**3 + 6*n**2 + n - 5. Determine y(-5).
15
Let b(y) = y**3 - y**2 - 10. What is b(0)?
-10
Let b(s) = s**2 - 10*s - 29. What is b(12)?
-5
Let k(z) = -9*z**2 - 1. Calculate k(-1).
-10
Let v(r) = -8*r**2 - 6*r - 19. Calculate v(-4).
-123
Let u(f) = -f**2 + 34*f - 97. What is u(30)?
23
Let j(a) = -2*a**2 + 55*a + 139. Determine j(30).
-11
Let d(q) = q**2 + 4*q + 1. Determine d(0).
1
Let l(f) = -f**3 + f**2 - 3*f - 13. Give l(0).
-13
Let x(j) = -3*j - 9. Determine x(-7).
12
Let b(k) = k**3 + 22*k**2 + 42*k + 20. What is b(-20)?
-20
Let o(l) = l**3 - 7*l**2 + 7*l - 2. Calculate o(6).
4
Let w(u) = -u**3 - 10*u**2 - 13*u - 24. Calculate w(-9).
12
Let o(v) = -6*v + 249. Give o(41).
3
Let d(u) = -2*u**2 - 18*u - 43. What is d(-6)?
-7
Let q(g) = -g**2 - 21*g - 35. Give q(-18).
19
Let m(q) = -q**2 - 2*q - 3. Give m(-7).
-38
Let f(g) = -g**3 + 10*g**2 - 18*g + 4. Determine f(5).
39
Let m(g) = 19*g - 100. Determine m(5).
-5
Let i(t) = t**3 - 18*t**2 - t + 30. Determine i(18).
12
Let d(q) = -q**3 + 12*q**2 + 32*q - 9. Determine d(14).
47
Let n(m) = 10*m + 6. Calculate n(4).
46
Let c(g) = -3*g + 70. Calculate c(21).
7
Let q(y) = 11*y - 55. Give q(6).
11
Let t(k) = -k**3 + 7*k**2 - 5*k - 18. Give t(6).
-12
Let f(z) = z**3 + 9*z**2 - 9*z + 5. Give f(-10).
-5
Let w(n) = 6*n**2 - 11*n - 14. What is w(7)?
203
Let t(a) = a**3 + 21*a**2 + 40*a + 21. Give t(-19).
-17
Let y(l) = 2*l**2 - 18*l - 159. What is y(14)?
-19
Let n(k) = -6*k - 50. Give n(-10).
10
Let k(s) = s**3 - 6*s**2 - 5*s - 15. Determine k(7).
-1
Let u(h) = -h**2 + 16*h + 76. What is u(-4)?
-4
Let a(g) = -7*g**2 + 16*g + 17. Determine a(-1).
-6
Let m(r) = r**3 + 13*r**2 - 4*r - 31. What is m(-13)?
21
Let g(i) = -i**3 - i**2 + i + 33. Calculate g(0).
33
Let h(b) = -b**3 - 7*b**2 - 5*b + 10. What is h(-6)?
4
Let p(g) = 13*g + 118. Calculate p(-9).
1
Let q(f) = -2*f**3 + f**2 - f + 2. Give q(2).
-12
Let m(r) = -r**3 - 4*r**2 + r + 4. Calculate m(-4).
0
Let y(h) = h**2 + 17*h - 9. Give y(-14).
-51
Let u(w) = -w**2 + 17*w - 34. Determine u(15).
-4
Let g(j) = -j**2 + 3*j. Determine g(2).
2
Let i(g) = g**3 + 3*g**2 - 2*g + 6. Determine i(-5).
-34
Let c(y) = 4*y**2 + 31*y + 9. Give c(-9).
54
Let i(h) = -h**3 - 5*h**2 + 11*h + 7. What is i(-6)?
-23
Let m(x) = x**3 - 19*x**2 + 15*x + 312. Determine m(17).
-11
Let c(w) = w**3 - 8*w**2 + 4*w + 4. Calculate c(7).
-17
Let d(q) = 3*q. Determine d(1).
3
Let u(r) = 6*r + 64. What is u(-12)?
-8
Let j(u) = u**3 - 3*u**2 - 3*u + 3. What is j(4)?
7
Let g(a) = -47*a + 12. What is g(4)?
-176
Let i(k) = -3*k - 31. Determine i(-26).
47
Let r(x) = -3*x + 6. Determine r(4).
-6
Let d(t) = 11*t + 37. What is d(4)?
81
Let w(h) = -h**3 + 5*h**2 - 3*h + 4. Give w(6).
-50
Let u(v) = v**2 - 10*v + 17. What is u(8)?
1
Let y(f) = -f**2 - 9*f - 4. What is y(-10)?
-14
Let c(u) = -u**2 - 47*u - 276. Give c(-7).
4
Let j(v) = -v**3 - 11*v**2 + 3*v + 8. Calculate j(-11).
-25
Let d(l) = -11*l + 2. Determine d(-6).
68
Let w(n) = n**3 + 7*n**2 + n + 13. What is w(-7)?
6
Let j(p) = 4*p + 14. Calculate j(-4).
-2
Let c(x) = 5*x**2 - 90*x - 4. Determine c(18).
-4
Let x(y) = 8*y + 22. What is x(-9)?
-50
Let o(q) = -q**3 + 16*q**2 - 16*q + 3. Give o(15).
-12
Let c(l) = l**2 - 10*l - 4. Give c(10).
-4
Let f(p) = -2*p + 14. What is f(12)?
-10
Let w(a) = 4*a - 5. Give w(4).
11
Let i(z) = 5*z + 8. Determine i(-4).
-12
Let a(o) = -o**3 + o**2 - o - 1. What is a(4)?
-53
Let q(z) = 2*z**3 - 12*z**2 - 13*z + 11. Give q(6).
-67
Let z(s) = 2*s + 10. What is z(-2)?
6
Let r(n) = n**2 - 9*n + 12. What is r(6)?
-6
Let f(t) = -t**3 - 4*t**2 + 12*t - 7. Determine f(-6).
-7
Let m(s) = s**3 + 7*s**2 - 37*s - 153. Give m(-9).
18
Let h(a) = 2*a**2 + 23*a - 10. Give h(-12).
2
Let f(l) = -l**3 - l**2 + 3*l - 22. Determine f(0).
-22
Let l(a) = 4*a**2 - 6*a + 6. Calculate l(-5).
136
Let b(z) = -z**3 - 12*z**2 + 12*z - 31. Calculate b(-13).
-18
Let b(n) = -n**3 + 11*n**2 - 9*n - 18. Calculate b(10).
-8
Let a(f) = 13*f + 7. Give a(11).
150
Let q(c) = c**2 + c - 6. Determine q(8).
66
Let u(k) = k**3 + 8*k**2 - 42*k + 5. Determine u(-12).
-67
Let q(c) = -c**2 + 18*c + 28. Give q(18).
28
Let t(j) = -j**2 + j - 13. Give t(0).
-13
Let r(z) = z**3 + 3*z - 1. Give r(-3).
-37
Let z(d) = d**2 - 2*d - 37. What is z(7)?
-2
Let d(t) = -t + 28. Give d(20).
8
Let x(f) = 3*f + 1. Calculate x(2).
7
Let q(c) = 3*c**3 - c**2 + 3*c + 2. Determine q(2).
28
Let n(y) = 4*y**2 - y - 2. Give n(2).
12
Let m(k) = k**2 - 16*k + 22. Give m(14).
-6
Let b(r) = -r**3 - 4*r**2 + r - 3. Determine b(-4).
-7
Let v(o) = -o**3 + 10*o**2 - 16*o + 3. Give v(8).
3
Let g(t) = t**3 + 15*t**2 - 17*t - 23. Give g(-16).
-7
Let m(o) = o + 4. What is m(-5)?
-1
Let b(i) = i**3